 10, what is -3 + 12938?
12935
In base 6, what is -13 + -24443253?
-24443310
In base 5, what is -2 + -122404?
-122411
In base 14, what is 75 - 104?
-6d
In base 14, what is 3 - -7866?
7869
In base 11, what is -2a4 + 36?
-269
In base 5, what is 2043 - 120?
1423
In base 15, what is 1ad - -1d8d?
204b
In base 6, what is -120 - 4403?
-4523
In base 16, what is 9 - 1abf?
-1ab6
In base 3, what is -12 - 120201211?
-120202000
In base 6, what is -132 + -432450?
-433022
In base 16, what is 13e47 - -14?
13e5b
In base 13, what is 45032 + -2?
45030
In base 15, what is 47 - -b06?
b4d
In base 5, what is 1422 + 1302?
3224
In base 11, what is 4 - 3967?
-3963
In base 8, what is 462 - -423?
1105
In base 12, what is -21bb9 - b?
-22008
In base 9, what is 111701 - 0?
111701
In base 15, what is -19b + 556?
3aa
In base 12, what is -5b - -358?
2b9
In base 15, what is 164 + 137d?
14e2
In base 16, what is -113c3c - 5?
-113c41
In base 13, what is -3 - 54ac?
-54b2
In base 13, what is -3 - 350b86?
-350b89
In base 10, what is 79015 + -5?
79010
In base 5, what is -141210 - 3?
-141213
In base 3, what is -101201 + 1211102?
1102201
In base 15, what is -3b - -44?
8
In base 13, what is -38a29 + -2?
-38a2b
In base 13, what is 110 - -60?
170
In base 12, what is 5941 + -475?
5488
In base 9, what is -24240 + -1?
-24241
In base 9, what is -344 - 120?
-464
In base 4, what is -31 + -12130120?
-12130211
In base 8, what is 11326260 - 4?
11326254
In base 4, what is 0 - 212032222?
-212032222
In base 15, what is 4 - 3b832?
-3b82d
In base 2, what is 1111110 + -10001111001?
-1111111011
In base 8, what is -5 - -724441?
724434
In base 6, what is 24444404 - 3?
24444401
In base 6, what is -1021 + 320441?
315420
In base 10, what is -18 + -6262?
-6280
In base 13, what is -641 - -1?
-640
In base 15, what is -1c6 - -83?
-143
In base 12, what is -40b + -a7?
-4b6
In base 15, what is -5 + -60d8?
-60dd
In base 12, what is -6 - 13ba2?
-13ba8
In base 15, what is -6 + -9d7?
-9dd
In base 11, what is -248 + -36?
-283
In base 14, what is 460192 + 4?
460196
In base 14, what is 7abdb - -5?
7ac02
In base 9, what is 21 + -21264?
-21243
In base 5, what is -11013 - -343?
-10120
In base 6, what is 2 + -32152545?
-32152543
In base 4, what is -10 - 3202011?
-3202021
In base 5, what is 101403344 + 3?
101403402
In base 7, what is 25122 + -402?
24420
In base 9, what is -3673 + -862?
-4645
In base 9, what is -7835 + 7?
-7827
In base 14, what is d - -cb58?
cb67
In base 7, what is 3406 + 62?
3501
In base 12, what is 3 + -9440?
-9439
In base 2, what is 100 - 1011010101111101?
-1011010101111001
In base 9, what is -1 - -1200255?
1200254
In base 11, what is -1558 + -14?
-1571
In base 16, what is 13 - -24?
37
In base 9, what is -141 + -324?
-465
In base 8, what is 6 - -454?
462
In base 9, what is 27271 - -17?
27288
In base 7, what is -1563 - -410?
-1153
In base 3, what is -1102221210 - 102?
-1102222012
In base 10, what is 0 - 664809?
-664809
In base 5, what is 0 - 10111412?
-10111412
In base 4, what is -3 + 12010131?
12010122
In base 13, what is c65c6 + -5?
c65c1
In base 14, what is 678 + 9c?
736
In base 16, what is -3 - bf2?
-bf5
In base 16, what is 636f + -8?
6367
In base 3, what is 1201221022 - -1?
1201221100
In base 6, what is 20 + 2412?
2432
In base 7, what is -666 - 3156?
-4155
In base 7, what is -20356 + 25?
-20331
In base 2, what is 111000001 + -10010?
110101111
In base 15, what is -1c + 4d1?
4b4
In base 13, what is -367 - -1aa?
-18a
In base 16, what is 72 - -1611?
1683
In base 6, what is 0 - -13253504?
13253504
In base 5, what is 3420 - -4330?
13300
In base 5, what is 0 - 2034311?
-2034311
In base 13, what is 1 - 2366cc?
-2366cb
In base 11, what is 6 + 4475?
4480
In base 9, what is 41 - -5714?
5755
In base 14, what is 4 + -ba984?
-ba980
In base 5, what is 310341 - 142?
310144
In base 11, what is 4 + -97a4?
-97a0
In base 11, what is -399a0 + -2?
-399a2
In base 9, what is -43 + -10160?
-10213
In base 9, what is 11 - -2132?
2143
In base 11, what is 317671 - -5?
317676
In base 16, what is -2a25f + -1?
-2a260
In base 14, what is -31d5 + -19b?
-3392
In base 3, what is -2110 - -1121012?
1111202
In base 11, what is 24421 - -1?
24422
In base 11, what is -794 + 16?
-779
In base 16, what is -1392 + -2?
-1394
In base 14, what is 84a757 + -5?
84a752
In base 8, what is -115057 - 0?
-115057
In base 8, what is -264 + -1054?
-1340
In base 10, what is 8766 + -3?
8763
In base 12, what is -1 - 4048a?
-4048b
In base 15, what is -23 - 478c?
-47b0
In base 7, what is -134 - 155221?
-155355
In base 9, what is 321 + -34?
276
In base 8, what is -476712 + -3?
-476715
In base 3, what is 2 - -100112121?
100112200
In base 4, what is -100021 + 3301?
-30120
In base 6, what is -50332 - -22?
-50310
In base 9, what is -431 + -472?
-1013
In base 12, what is -29517 - -2?
-29515
In base 9, what is 310 + -305?
4
In base 6, what is 4 + -24155?
-24151
In base 14, what is -7c0 - 6c?
-84c
In base 12, what is -908aa + -18?
-90906
In base 4, what is 120301313203 + -3?
120301313200
In base 4, what is -2021130231 + 10?
-2021130221
In base 9, what is 1011231 + -1?
1011230
In base 4, what is 2 - -1333321?
1333323
In base 12, what is 784 - -1b05?
2689
In base 3, what is 1010211 - 210100?
100111
In base 14, what is 463 - b2?
391
In base 11, what is -3 + -2927?
-292a
In base 15, what is 1256 - 11?
1245
In base 2, what is -1011101111 - -10000111?
-1001101000
In base 6, what is -120 - 30030?
-30150
In base 12, what is -10 + -300a7?
-300b7
In base 3, what is 21210120002020 - -10?
21210120002100
In base 3, what is -12001102100 + -12?
-12001102112
In base 2, what is 10111011 + -1011?
10110000
In base 9, what is 58230 - -5?
58235
In base 13, what is -8 + -10b6?
-10c1
In base 6, what is -212355 - 155?
-212554
In base 5, what is -34113 - -43334?
4221
In base 5, what is 14 + 11040123?
11040142
In base 13, what is -4c + -72?
-c1
In base 15, what is 5ec + -233?
3b9
In base 5, what is 20 + 1004232?
1004302
In base 5, what is -1044 - -302430?
301331
In base 4, what is 102 - 21213?
-21111
In base 7, what is -5 - 14042041?
-14042046
In base 14, what is 109d2 + -4?
109cc
In base 14, what is 6c3 - a5?
61c
In base 3, what is 1000112222 - 100?
1000112122
In base 15, what is 4 - -9e78?
9e7c
In base 7, what is 1666114 + -4?
1666110
In base 11, what is -a333 + -4?
-a337
In base 4, what is -12 + 211102013?
211102001
In base 13, what is 4b53 - -4?
4b57
In base 4, what is 10 + 211120222?
211120232
In base 15, what is 44c96 - -2?
44c98
In base 8, what is -147506 + 22?
-147464
In base 15, what is -450 + c?
-443
In base 6, what is 2405135 - -5?
2405144
In base 5, what is -2 - -3104400?
3104343
In base 5, what is 120 + -201?
-31
In base 3, what is 2 + -102011200?
-102011121
In base 8, what is 2547337 + 5?
2547344
In base 12, what is 0 + 12827?
12827
In base 10, what is 225815 + 5?
225820
In base 3, what is 1 - 200022112?
-200022111
In base 9, what is 48715 - 5?
48710
In base 7, what is 2162 + 445?
2640
In base 16, what is -6 + 77f5?
77ef
In base 9, what is 4 - 515146?
-515142
In base 4, what is -21031103202 + -3?
-21031103211
In base 7, what is 46546 + 0?
46546
In base 7, what is -104 + 651312?
651205
In base 11, what is 155a63 + 3?
155a66
In base 13, what is 43c0 - 8?
43b5
In base 14, what is 4 + -dac6?
-dac2
In base 15, what is 0 - -23437?
23437
In base 2, what is -11100 + -101101101110?
-101110001010
In base 16, what is -47b58 - 0?
-47b58
In base 15, what is -5 - -b38?
b33
In base 6, what is -5344125 + 10?
-5344115
In base 11, what is 17448 - -3?
17450
In base 11, what is 10 + -3196?
-3186
In base 2, what is -1100011 - 110101?
-10011000
In base 12, what is -a76a8 + 2?
-a76a6
In base 10, what is -3162 - 122?
-3284
In base 13, what is -2a612 - 2?
-2a614
In base 11, what is 129 - 132?
-4
In base 11, what is -1864 - -48?
-1817
In base 9, what is -5 + -1273844?
-1273850
In base 6, what is 125 - 22012?
-21443
In base 16, what is -d84 + -c?
-d90
In base 14, what is 2830 - 8?
2826
In base 8, what is -13 + 134602?
134567
In base 16, what is 1b5ef - 3?
1b5ec
In base 3, what is 12 + -20122110?
-20122021
In base 5, what is 11 + -1222030?
-1222014
In base 12, what is 85 - -193?
258
In base 14, what is 0 - -19915?
19915
In base 8, what is -1367 - -12330?
10741
In base 3, what is -2 + 102110021222?
102110021220
